what is 5 - 4910491?
-4910486
In base 12, what is -19a10 + -3718?
-21528
In base 6, what is -2120513 + 34?
-2120435
In base 4, what is -13 + -123030232?
-123030311
In base 5, what is 4313112031 - -2?
4313112033
In base 16, what is -2 + 9f7239e?
9f7239c
In base 16, what is -b30e4e - -35?
-b30e19
In base 16, what is -e3b3b - -19?
-e3b22
In base 7, what is -62044 + -444?
-62521
In base 16, what is -53f8 + -60?
-5458
In base 4, what is 2003100 + 1330?
2011030
In base 10, what is -170 - -44874?
44704
In base 15, what is 76114 + 8a?
7619e
In base 13, what is 4980 - -7b4?
5464
In base 9, what is 224 + 7874117?
7874342
In base 6, what is -445151124 - 3?
-445151131
In base 12, what is -3 + -b8b4605?
-b8b4608
In base 7, what is 1030 + 32056?
33116
In base 13, what is 45145 - -5416?
4a55b
In base 4, what is 13313311 + 13212313?
33132230
In base 2, what is -11 + 10010011101111111010010000?
10010011101111111010001101
In base 11, what is -5 - -162a43a5?
162a43a0
In base 11, what is -77 + -79545?
-79611
In base 9, what is -15 - 416546?
-416562
In base 4, what is 11313200223021 - 0?
11313200223021
In base 2, what is 1100111000100111011001010111 + 1?
1100111000100111011001011000
In base 13, what is 1c4 - -11ab4?
11ca8
In base 15, what is -22338 - -14?
-22324
In base 9, what is -113 + -2481130?
-2481243
In base 5, what is -234131 + 414224?
130043
In base 3, what is -111020 - 22120102201?
-22120220221
In base 7, what is -5 - 311322121?
-311322126
In base 3, what is -10 + -1210202210011102?
-1210202210011112
In base 12, what is 1 + -68083096?
-68083095
In base 6, what is 4400225405 + -20?
4400225345
In base 7, what is -10040 - 250?
-10320
In base 15, what is -26 - 338c4?
-338ea
In base 12, what is 519b9 + -57?
51962
In base 2, what is -100 - -1101010100000101001100000?
1101010100000101001011100
In base 2, what is -101011110001111 + -1101011100101?
-111001001110100
In base 9, what is -2803 + -657802?
-661705
In base 12, what is -9a0668 + 13?
-9a0655
In base 4, what is 113 - 1313300203?
-1313300030
In base 6, what is 3525153324 + 2?
3525153330
In base 9, what is 1487 - 43388?
-41801
In base 15, what is -e + -45e1c?
-45e2b
In base 13, what is -1a - 5905ba?
-590607
In base 6, what is 104124003543 - 2?
104124003541
In base 3, what is 22012212020020 - 12022?
22012212000221
In base 11, what is -462 + 86699?
86237
In base 15, what is 5a5 - 1325?
-c70
In base 5, what is -2 + -111344101102?
-111344101104
In base 11, what is a722 + -1152?
9580
In base 11, what is 59 - 76108?
-7605a
In base 6, what is -540101514 - 11?
-540101525
In base 14, what is 1858d + a09?
19198
In base 11, what is -135761 + -16?
-135777
In base 3, what is -112000112012122102 + -2?
-112000112012122111
In base 2, what is -100 + -10011011011000110001110?
-10011011011000110010010
In base 2, what is -1110101111110100 + 10110110010?
-1110011001000010
In base 14, what is -36561b - -17?
-365604
In base 13, what is -2b2 + 126c?
c8a
In base 6, what is 314304201 + 11?
314304212
In base 8, what is 33535446 - -15?
33535463
In base 4, what is 11 + 20210102012?
20210102023
In base 12, what is 79 - -55325b?
553318
In base 4, what is 0 + -123231132310?
-123231132310
In base 14, what is -10315969 - 1?
-1031596a
In base 15, what is 67e536bc + 2?
67e536be
In base 8, what is -110423 - 1707?
-112332
In base 13, what is -1 - 3c9681?
-3c9682
In base 2, what is -1010 + 1010111001100100101110?
1010111001100100100100
In base 5, what is -3430 - 10334114?
-10343044
In base 5, what is 3 + -432233031?
-432233023
In base 11, what is -29 + -4255525?
-4255553
In base 7, what is 5 + 30426546?
30426554
In base 3, what is 112120022000200 - -20?
112120022000220
In base 14, what is -5 + -4741d1?
-4741d6
In base 13, what is 83b + b22?
1660
In base 11, what is 3 + 11814a04?
11814a07
In base 16, what is f - 310b55?
-310b46
In base 15, what is -90ba7bc6 + -5?
-90ba7bcb
In base 14, what is a01 - 11a?
8c5
In base 6, what is 10245 + 205201?
215450
In base 16, what is -81987 + -44?
-819cb
In base 7, what is -222445515 + 15?
-222445500
In base 8, what is 130103046 - -3?
130103051
In base 3, what is 11 + 1010010112211212?
1010010112212000
In base 4, what is -20010 + 1233033102?
1233013032
In base 7, what is 1 - 352340216?
-352340215
In base 3, what is -100010121100 - 1010?
-100010122110
In base 4, what is 1000 + 332202202?
332203202
In base 3, what is -220112121110 + -1021?
-220112122201
In base 6, what is 253533 - 4523?
245010
In base 16, what is -a6e367 + 12?
-a6e355
In base 13, what is c8 - -c44c29?
c45024
In base 6, what is 53 - 12253110?
-12253013
In base 15, what is a56 - 35c3e?
-351d8
In base 3, what is -1212 - -220000111221?
220000110002
In base 12, what is -33229 - -2529?
-30900
In base 3, what is 12100012122211201 + 12?
12100012122211220
In base 4, what is -10 - 211023321330?
-211023322000
In base 16, what is b9e3d1 - -a?
b9e3db
In base 2, what is -1 - 1101001111110100001101001101?
-1101001111110100001101001110
In base 11, what is 4 - -215274a?
2152753
In base 3, what is -10210211021 + 22101?
-10210111220
In base 8, what is -106706 + -156?
-107064
In base 15, what is -3 + -23cd92?
-23cd95
In base 6, what is 1210102 + -141?
1205521
In base 16, what is -71baac + 2f?
-71ba7d
In base 10, what is -65400 + 601?
-64799
In base 7, what is 413 - 141324?
-140611
In base 11, what is -21 - 1156081?
-11560a2
In base 10, what is 4 + 2403999?
2404003
In base 10, what is -436 + -18843?
-19279
In base 16, what is 0 - -bba781?
bba781
In base 6, what is -20205425504 - -2?
-20205425502
In base 16, what is -7 + 988f8?
988f1
In base 3, what is 10001010002122 + -1020?
10001010001102
In base 11, what is 507060 + 1a?
50707a
In base 10, what is 294 + 16107?
16401
In base 9, what is 82502057 - -1?
82502058
In base 2, what is 0 - 111010100011111101001100100?
-111010100011111101001100100
In base 9, what is -1303443 - -36?
-1303406
In base 7, what is 55 - 22632014?
-22631626
In base 15, what is 6e1c94d + 1?
6e1c94e
In base 14, what is 6 + -11b611a?
-11b6114
In base 5, what is -13202 + 210243414?
210230212
In base 7, what is 55210232336 - 2?
55210232334
In base 2, what is 10100000011100111001101 + 1100101?
10100000011101000110010
In base 6, what is 2355040232 - 3?
2355040225
In base 13, what is 1cc - -9114b?
9134a
In base 14, what is 763 - dd9?
-676
In base 14, what is 96416c6 - -2?
96416c8
In base 15, what is a + -17792a?
-177920
In base 8, what is -10 + -677350?
-677360
In base 15, what is 8 - 17893?
-1788a
In base 7, what is -5 + -630563616?
-630563624
In base 16, what is -6 - 79f2c?
-79f32
In base 9, what is 27111 - -317?
27428
In base 14, what is -181 + 2035?
1c94
In base 15, what is -2d0 + -3737b?
-3765b
In base 16, what is -43 + -46d2b?
-46d6e
In base 7, what is -1523525 - -2?
-1523523
In base 15, what is 23c4a - -16?
23c61
In base 13, what is 13349cc - 4?
13349c8
In base 3, what is 211100201 - 101110?
210222021
In base 2, what is 1010110110101001100000000 + -101?
1010110110101001011111011
In base 10, what is -4077 - -1592?
-2485
In base 8, what is -252 + -34142?
-34414
In base 7, what is 4 + 30054553?
30054560
In base 2, what is -11001011001010111011101000 + -101?
-11001011001010111011101101
In base 8, what is 1006437 + -4?
1006433
In base 6, what is -42350 + -4553013?
-5035403
In base 13, what is a + -1038c22?
-1038c15
In base 2, what is 10101011111111011011 + 1101011?
10101100000001000110
In base 6, what is 1041 - -50423223?
50424304
In base 2, what is -110111010001100100 + 100000?
-110111010001000100
In base 8, what is -32415 - 3131?
-35546
In base 14, what is 31 + -44378?
-44347
In base 9, what is 85102820 + 10?
85102830
In base 4, what is -130022003 - 100?
-130022103
In base 13, what is 44 + -4a4a20?
-4a49a9
In base 16, what is 4 + 12c53a8?
12c53ac
In base 4, what is 213020 - 23012123?
-22133103
In base 11, what is 557 + -136?
421
In base 14, what is 19035 - 2a8?
18b6b
In base 15, what is -5 - -1d33b91?
1d33b8b
In base 16, what is 3 + 17095cb?
17095ce
In base 7, what is 1556 + 2243102?
2244661
In base 13, what is 114b + -780c?
-6691
In base 2, what is -10011100 - -110110110000000?
110110011100100
In base 16, what is -2f - 12ba9?
-12bd8
In base 8, what is 152 - -544177?
544351
In base 9, what is 3273 - -458?
3742
In base 15, what is -224e + -35b?
-25aa
I